{"id":14822,"date":"2023-11-17T12:40:41","date_gmt":"2023-11-17T11:40:41","guid":{"rendered":"https:\/\/www.museuemporda.org\/?page_id=14822"},"modified":"2025-12-30T12:22:54","modified_gmt":"2025-12-30T11:22:54","slug":"temporades-anteriors-curs-histories-de-lart","status":"publish","type":"page","link":"https:\/\/www.museuemporda.org\/?page_id=14822","title":{"rendered":"TEMPORADES ANTERIORS CURS HIST\u00d2RIES DE L&#8217;ART"},"content":{"rendered":"<p>[et_pb_section fb_built=&#8221;1&#8243; _builder_version=&#8221;4.21.0&#8243; _module_preset=&#8221;default&#8221; global_colors_info=&#8221;{}&#8221;][et_pb_row _builder_version=&#8221;4.21.0&#8243; _module_preset=&#8221;default&#8221; global_colors_info=&#8221;{}&#8221;][et_pb_column type=&#8221;4_4&#8243; _builder_version=&#8221;4.21.0&#8243; _module_preset=&#8221;default&#8221; global_colors_info=&#8221;{}&#8221;][et_pb_image src=&#8221;https:\/\/www.museuemporda.org\/wp-content\/uploads\/2023\/11\/Captura-de-pantalla-2023-11-17-a-las-12.58.05.png&#8221; title_text=&#8221;Captura de pantalla 2023-11-17 a las 12.58.05&#8243; _builder_version=&#8221;4.21.0&#8243; _module_preset=&#8221;default&#8221; global_colors_info=&#8221;{}&#8221;][\/et_pb_image][\/et_pb_column][\/et_pb_row][et_pb_row _builder_version=&#8221;4.21.0&#8243; _module_preset=&#8221;default&#8221; global_colors_info=&#8221;{}&#8221;][et_pb_column type=&#8221;4_4&#8243; _builder_version=&#8221;4.21.0&#8243; _module_preset=&#8221;default&#8221; global_colors_info=&#8221;{}&#8221;][et_pb_text _builder_version=&#8221;4.27.4&#8243; _module_preset=&#8221;default&#8221; hover_enabled=&#8221;0&#8243; global_colors_info=&#8221;{}&#8221; sticky_enabled=&#8221;0&#8243;]<\/p>\n<p class=\"p1\">Aqu\u00ed teniu totes les temporades d&#8217;<strong><em>Hist\u00f2ries de l&#8217;Art<\/em>, cicle de cursos per aprofundir en diversos aspecte de l\u2019art a partir d\u2019un acostament transversal i obert a tothom<\/strong>. Fins a dia d&#8217;avui hem tractat:<\/p>\n<p class=\"p1\">&#8211; <span style=\"text-decoration: underline;\">1a temporada<\/span>: Art feminista, performance, art urb\u00e0 i art fant\u00e0stic<\/p>\n<p class=\"p1\">&#8211;\u00a0<span style=\"text-decoration: underline;\">2a temporada<\/span>: Paisatge a la fotografia, art LGTBIQ+ i art digital<\/p>\n<p class=\"p1\">&#8211; <span style=\"text-decoration: underline;\">3a temporada<\/span>: C\u00f2mic i il\u00b7lustraci\u00f3, art empordan\u00e8s, artivisme, art a la literatura, dones a la fotografia i imatges del futur<\/p>\n<p class=\"p1\">&#8211;\u00a0<span style=\"text-decoration: underline;\">4a temporada<\/span>: Cinema a Catalunya, Manga i art d&#8217;acci\u00f3 i malaltia<\/p>\n<p class=\"p1\">&#8211; <span style=\"text-decoration: underline;\">5a temporada:<\/span> l&#8217;Art a l&#8217;Empord\u00e0 des de 1989, els mites, l&#8217;anime, i la intel\u00b7lig\u00e8ncia artificial<\/p>\n<p class=\"p1\">&#8211; <span style=\"text-decoration: underline;\">6a temporada<\/span>: l&#8217;art i Tint\u00edn, l&#8217;art a trav\u00e9s de la m\u00fasica, i l&#8217;art i els falsos<\/p>\n<p class=\"p1\">&#8211; <span style=\"text-decoration: underline;\">7a temporada:<\/span> l&#8217;humor en l&#8217;art, l&#8217;art i la censura, la contracultura, les s\u00e8ries, els videojocs i l&#8217;arquitectura pintada<\/p>\n<p class=\"p1\">&#8211; 8<span style=\"text-decoration: underline;\">a temporada:<\/span> dones i cinema, art i crisi ecol\u00f2gica i Picasso a Cadaqu\u00e9s<\/p>\n<p>[\/et_pb_text][\/et_pb_column][\/et_pb_row][et_pb_row column_structure=&#8221;1_2,1_2&#8243; _builder_version=&#8221;4.21.0&#8243; _module_preset=&#8221;default&#8221; global_colors_info=&#8221;{}&#8221;][et_pb_column type=&#8221;1_2&#8243; _builder_version=&#8221;4.21.0&#8243; _module_preset=&#8221;default&#8221; global_colors_info=&#8221;{}&#8221;][et_pb_button button_url=&#8221;https:\/\/www.museuemporda.org\/histories-de-lart\/&#8221; url_new_window=&#8221;on&#8221; button_text=&#8221;TEMPORADA 1&#8243; _builder_version=&#8221;4.21.0&#8243; _module_preset=&#8221;default&#8221; custom_button=&#8221;on&#8221; button_text_size=&#8221;40px&#8221; button_text_color=&#8221;#000000&#8243; global_colors_info=&#8221;{}&#8221;][\/et_pb_button][\/et_pb_column][et_pb_column type=&#8221;1_2&#8243; _builder_version=&#8221;4.21.0&#8243; _module_preset=&#8221;default&#8221; global_colors_info=&#8221;{}&#8221;][et_pb_button button_url=&#8221;https:\/\/www.museuemporda.org\/histories-de-lart-segona-temporada\/&#8221; url_new_window=&#8221;on&#8221; button_text=&#8221;TEMPORADA 2&#8243; _builder_version=&#8221;4.21.0&#8243; _module_preset=&#8221;default&#8221; custom_button=&#8221;on&#8221; button_text_size=&#8221;40px&#8221; button_text_color=&#8221;#000000&#8243; global_colors_info=&#8221;{}&#8221;][\/et_pb_button][\/et_pb_column][\/et_pb_row][et_pb_row column_structure=&#8221;1_2,1_2&#8243; _builder_version=&#8221;4.21.0&#8243; _module_preset=&#8221;default&#8221; global_colors_info=&#8221;{}&#8221;][et_pb_column type=&#8221;1_2&#8243; _builder_version=&#8221;4.21.0&#8243; _module_preset=&#8221;default&#8221; global_colors_info=&#8221;{}&#8221;][et_pb_button button_url=&#8221;https:\/\/www.museuemporda.org\/histories-de-lart-gen-jun-23\/&#8221; url_new_window=&#8221;on&#8221; button_text=&#8221;TEMPORADA 3&#8243; _builder_version=&#8221;4.21.0&#8243; _module_preset=&#8221;default&#8221; custom_button=&#8221;on&#8221; button_text_size=&#8221;40px&#8221; button_text_color=&#8221;#000000&#8243; global_colors_info=&#8221;{}&#8221;][\/et_pb_button][et_pb_button button_url=&#8221;https:\/\/www.museuemporda.org\/histories-de-lart-CINQUENA-temporada\/&#8221; url_new_window=&#8221;on&#8221; button_text=&#8221;TEMPORADA 5&#8243; _builder_version=&#8221;4.21.0&#8243; _module_preset=&#8221;default&#8221; custom_button=&#8221;on&#8221; button_text_size=&#8221;40px&#8221; button_text_color=&#8221;#000000&#8243; global_colors_info=&#8221;{}&#8221;][\/et_pb_button][et_pb_button button_url=&#8221;https:\/\/www.museuemporda.org\/histories-de-lart-setena-temporada\/&#8221; url_new_window=&#8221;on&#8221; button_text=&#8221;TEMPORADA 7&#8243; _builder_version=&#8221;4.21.0&#8243; _module_preset=&#8221;default&#8221; custom_button=&#8221;on&#8221; button_text_size=&#8221;40px&#8221; button_text_color=&#8221;#000000&#8243; global_colors_info=&#8221;{}&#8221;][\/et_pb_button][\/et_pb_column][et_pb_column type=&#8221;1_2&#8243; _builder_version=&#8221;4.21.0&#8243; _module_preset=&#8221;default&#8221; global_colors_info=&#8221;{}&#8221;][et_pb_button button_url=&#8221;https:\/\/www.museuemporda.org\/histories-de-lart-quarta-temporada\/&#8221; url_new_window=&#8221;on&#8221; button_text=&#8221;TEMPORADA 4&#8243; _builder_version=&#8221;4.21.0&#8243; _module_preset=&#8221;default&#8221; custom_button=&#8221;on&#8221; button_text_size=&#8221;40px&#8221; button_text_color=&#8221;#000000&#8243; global_colors_info=&#8221;{}&#8221;][\/et_pb_button][et_pb_button button_url=&#8221;https:\/\/www.museuemporda.org\/histories-de-lart-sisena-temporada\/&#8221; url_new_window=&#8221;on&#8221; button_text=&#8221;TEMPORADA 6&#8243; _builder_version=&#8221;4.21.0&#8243; _module_preset=&#8221;default&#8221; custom_button=&#8221;on&#8221; button_text_size=&#8221;40px&#8221; button_text_color=&#8221;#000000&#8243; global_colors_info=&#8221;{}&#8221;][\/et_pb_button][et_pb_button button_url=&#8221;https:\/\/www.museuemporda.org\/?page_id=16505&#8243; url_new_window=&#8221;on&#8221; button_text=&#8221;TEMPORADA 8&#8243; _builder_version=&#8221;4.27.4&#8243; _module_preset=&#8221;default&#8221; custom_button=&#8221;on&#8221; button_text_size=&#8221;40px&#8221; button_text_color=&#8221;#000000&#8243; hover_enabled=&#8221;0&#8243; global_colors_info=&#8221;{}&#8221; sticky_enabled=&#8221;0&#8243;][\/et_pb_button][\/et_pb_column][\/et_pb_row][et_pb_row _builder_version=&#8221;4.21.0&#8243; _module_preset=&#8221;default&#8221; global_colors_info=&#8221;{}&#8221;][et_pb_column type=&#8221;4_4&#8243; _builder_version=&#8221;4.21.0&#8243; _module_preset=&#8221;default&#8221; global_colors_info=&#8221;{}&#8221;][et_pb_text _builder_version=&#8221;4.21.0&#8243; _module_preset=&#8221;default&#8221; global_colors_info=&#8221;{}&#8221;]<\/p>\n<p><strong><em>Hist\u00f2ries de l\u2019art<\/em><\/strong><span>\u00a0tamb\u00e9 \u00e9s un\u00a0<\/span><a href=\"https:\/\/www.museuemporda.org\/els-podcasts-del-museu-de-lemporda\/\"><strong>p\u00f2dcast<\/strong><\/a><span>\u00a0que adapta i complementa el contingut de cada curs. El podreu escoltar al\u00a0<\/span><strong>web<\/strong><span>\u00a0i a les aplicacions\u00a0<\/span><a href=\"https:\/\/open.spotify.com\/show\/3eKGKULDbQ3VLu6wwAD5Hh\"><strong>Spotify<\/strong><\/a><span>\u00a0i\u00a0<\/span><a href=\"https:\/\/www.ivoox.com\/podcast-histories-l-art_sq_f11534110_1.html\"><strong>iVoox<\/strong><\/a><span>.<\/span><\/p>\n<p><span>I com a novetat, ara gravem totes les sessions i les trobar\u00e0s al nostre canal de\u00a0<\/span><strong><a href=\"https:\/\/www.youtube.com\/@museuemporda7294\/playlists\">Youtube<\/a><\/strong><span>.\u00a0<\/span><\/p>\n<p>[\/et_pb_text][\/et_pb_column][\/et_pb_row][et_pb_row _builder_version=&#8221;4.21.0&#8243; _module_preset=&#8221;default&#8221; global_colors_info=&#8221;{}&#8221;][et_pb_column type=&#8221;4_4&#8243; _builder_version=&#8221;4.21.0&#8243; _module_preset=&#8221;default&#8221; global_colors_info=&#8221;{}&#8221;][et_pb_button button_url=&#8221;https:\/\/www.museuemporda.org\/els-podcasts-del-museu-de-lemporda\/&#8221; url_new_window=&#8221;on&#8221; button_text=&#8221;ELS P\u00d2DCASTS D&#8217;HIST\u00d2RIES DE L&#8217;ART&#8221; _builder_version=&#8221;4.21.0&#8243; _module_preset=&#8221;default&#8221; custom_button=&#8221;on&#8221; button_text_size=&#8221;40px&#8221; button_text_color=&#8221;#FFFFFF&#8221; button_bg_color=&#8221;#000000&#8243; global_colors_info=&#8221;{}&#8221;][\/et_pb_button][\/et_pb_column][\/et_pb_row][\/et_pb_section]<\/p>\n","protected":false},"excerpt":{"rendered":"<p>Temporades anteriors curs hist\u00f2ries de l&#8217;art<\/p>\n","protected":false},"author":1,"featured_media":14823,"parent":0,"menu_order":0,"comment_status":"closed","ping_status":"closed","template":"","meta":{"_acf_changed":false,"_et_pb_use_builder":"on","_et_pb_old_content":"","_et_gb_content_width":"","inline_featured_image":false,"footnotes":""},"class_list":["post-14822","page","type-page","status-publish","has-post-thumbnail","hentry"],"acf":[],"_links":{"self":[{"href":"https:\/\/www.museuemporda.org\/index.php?rest_route=\/wp\/v2\/pages\/14822","targetHints":{"allow":["GET"]}}],"collection":[{"href":"https:\/\/www.museuemporda.org\/index.php?rest_route=\/wp\/v2\/pages"}],"about":[{"href":"https:\/\/www.museuemporda.org\/index.php?rest_route=\/wp\/v2\/types\/page"}],"author":[{"embeddable":true,"href":"https:\/\/www.museuemporda.org\/index.php?rest_route=\/wp\/v2\/users\/1"}],"replies":[{"embeddable":true,"href":"https:\/\/www.museuemporda.org\/index.php?rest_route=%2Fwp%2Fv2%2Fcomments&post=14822"}],"version-history":[{"count":13,"href":"https:\/\/www.museuemporda.org\/index.php?rest_route=\/wp\/v2\/pages\/14822\/revisions"}],"predecessor-version":[{"id":16863,"href":"https:\/\/www.museuemporda.org\/index.php?rest_route=\/wp\/v2\/pages\/14822\/revisions\/16863"}],"wp:featuredmedia":[{"embeddable":true,"href":"https:\/\/www.museuemporda.org\/index.php?rest_route=\/wp\/v2\/media\/14823"}],"wp:attachment":[{"href":"https:\/\/www.museuemporda.org\/index.php?rest_route=%2Fwp%2Fv2%2Fmedia&parent=14822"}],"curies":[{"name":"wp","href":"https:\/\/api.w.org\/{rel}","templated":true}]}}